
Let i = -5663 + 8724. Is i a composite number?
False
Suppose 1523 = 4*c + b + 4*b, 0 = -4*c + 5*b + 1493. Is c a composite number?
True
Suppose 0 - 15 = -5*r. Is 951/r*(13 + -10) a prime number?
False
Suppose j + 2*j + 21 = 0. Let i be 3 + 0 + j - -38. Is i/((-2 - 2)/(-4)) prime?
False
Let m = 18 - 4. Suppose m = 4*v - 106. Let n = 157 - v. Is n a composite number?
False
Let z(i) = 3*i**2 - 6*i - 2. Let n be (-12)/(-60) + 2/(-10). Suppose -2*f - 2*m + 12 = n, f = -2*m + 7 - 0. Is z(f) a prime number?
True
Suppose -j + 255 + 301 = 0. Suppose -j = -c - 3*c. Suppose 417 = 5*k - 2*k + 2*l, -4*l - c = -k. Is k composite?
False
Let d(t) = -t + 3. Let r(b) = -21*b**2 + b + 1. Let c be r(1). Let p be d(c). Is 3120/p - (-14)/77 a prime number?
False
Is (-2 - -10) + -16 + 14055 a composite number?
True
Let n = 3116 + 11157. Is n a composite number?
True
Let u(y) = 32*y + 15. Let s be u(6). Suppose -2*h - 59 = -715. Let f = h - s. Is f prime?
False
Let c be 10/(-60) + 1406/12. Let d = c - 81. Is d/27*894/8 a prime number?
True
Suppose 6*u = 4*u. Suppose 0 = -5*z - u*z - 1110. Let o = z + 593. Is o prime?
False
Let i(j) = -j**3 - 24*j**2 + 67*j - 1. Let z(v) = -v**2 + 13*v + 21. Let u be z(16). Is i(u) a prime number?
False
Suppose -u + 1899 = -0*u. Suppose -u = -6*f + 3*f. Is f/5 + (-2)/(-5) a prime number?
True
Suppose m - 11 = 3. Suppose 4*n + q = -m, 24 = -4*n + 4*q - 0. Is -2 + n/(-2) + 21 a prime number?
False
Suppose -2*k + 5998 = 3*t, -k - 51*t + 56*t + 2973 = 0. Is k prime?
False
Let y = -4669 - -10018. Is y a composite number?
True
Suppose 3*w - 8840 = -5*c, 4*w + 2921 = 5*c - 5884. Suppose -5*p = -0*p - c. Is p prime?
True
Suppose f = 3*b - 3*f - 7476, -3*b + 7476 = -2*f. Suppose -b = -2*h - 2*h. Is h composite?
True
Let v(u) = -4*u + 38. Suppose 2*j + 4*a = -22, -6 = -3*a + a. Is v(j) a prime number?
False
Let y(j) = 9*j**3 + 2*j**2 + 4*j - 5. Let i be y(-4). Suppose -r - 4*z - 2130 = 0, 8507 = -4*r - 5*z + 2*z. Let d = i - r. Is d a prime number?
False
Is 8/(-14) + 289740/42 a composite number?
True
Let s(g) = 566*g**2 - 4*g - 4. Let q be s(3). Suppose 2*p - 3375 = -4*i - 833, -5*i + q = 4*p. Is p a composite number?
True
Let t(z) = z**2 + 8*z - 14. Let q be t(-9). Let r(v) = 101*v**2 - 9*v - 11. Is r(q) composite?
True
Let u = -112 + 116. Is 1173/u + 1/(-4) a prime number?
True
Let s = -39 - -39. Suppose -40*t + 42*t - 662 = s. Is t composite?
False
Suppose -52 - 110 = -3*q. Let w = 104 + q. Let y = w - 79. Is y composite?
False
Suppose 0*o + o = 5*g - 13, -2*g = -5*o - 19. Let i be 12*g*(-2)/(-12). Suppose 0 = i*r - 5*r + 211. Is r prime?
True
Let y = 17 + -13. Suppose -5 = -4*x - 1, c - y = -x. Suppose -4*h + 2*i = -876, -2*h + 430 = -0*h - c*i. Is h prime?
False
Let p(r) = r**2 - 9*r + 10. Suppose -6*i + 29 = -19. Let c be p(i). Suppose j = 121 + c. Is j prime?
False
Suppose 712 = -2*w - 5*s + s, -5*s = -20. Let a = 657 + w. Is a prime?
True
Suppose -2*a + 2*z = 3*a - 10133, 0 = 3*z - 3. Is a a prime number?
True
Suppose 24*x - 20*x = 0. Suppose x = -9*m + 4*m + 6055. Is m a composite number?
True
Let u(l) = -21*l + l**3 + 28 - 6 - 9 + 17*l**2 + 2. Is u(-18) composite?
True
Suppose -k + s + 4*s + 353 = 0, 353 = k - 4*s. Is -3 + k + -8 + 4 + 1 prime?
True
Let r = 10224 + -5839. Is r a composite number?
True
Let u(l) = -3*l**3 - 8*l**2 + 3*l - 5. Let k be (-106)/12 + (-3)/18. Is u(k) prime?
False
Suppose 7*m - 3*m = 36. Let b = m - 2. Suppose -2*u + b*u = 3955. Is u a prime number?
False
Let f(h) = -17*h + 4841. Is f(0) prime?
False
Let x(h) = 43*h**2 + 16*h + 47. Is x(-6) prime?
True
Let f = -38496 + 58919. Is f prime?
False
Let d be 11/2*(-18)/(-9). Let p(i) = 0*i**2 - 3*i - 7 + d*i + 2*i**2 - i**2. Is p(6) a prime number?
False
Let r be (4 + 68/(-20))*15. Suppose m = 2*t - r, 2*t - 7 = -t - 5*m. Is t*411/6*1 composite?
True
Let a = -971 + 2767. Suppose 3*o = -5*f + 2241, 2*f + 4*o - a = -2*f. Is f prime?
False
Let h(d) = 2*d**3 + d**2 + d + 7. Let i be h(7). Let s be (-40)/(-5) + -4 + i. Suppose 5*u - 892 = s. Is u a prime number?
False
Let d be 664 - (0 - -3)/1. Let k = 1770 - d. Is k a composite number?
False
Let l = -1574 + 989. Let p = 1972 + l. Is p composite?
True
Let p(j) = -2*j + 15. Let s(w) = -2*w**3 - 3*w**2 + 2. Let d be s(-2). Let x be p(d). Suppose -2*b = x*r - 787, -3*r - b - 2*b = -783. Is r a prime number?
False
Suppose 5*r - 20 = 10. Suppose 0*f + 8166 = r*f. Is f a prime number?
True
Let f(l) = 360 - 6*l + 425 + 8*l - 5*l. Is f(0) prime?
False
Is -8 - 110*292/(-8) prime?
True
Suppose 13*z - 479727 = 66832. Is z composite?
False
Let v(q) = 5*q**2 - 5 - 4*q**2 - q - 3*q + 0. Let j be v(5). Suppose 2*u - u - 109 = j. Is u prime?
True
Let i be ((-2)/((-6)/(-483)))/(-1). Let l be 2*(-3)/10*(-144 - 1). Let b = i - l. Is b prime?
False
Let h(o) = -o**2 + 7*o - 6. Let z be h(5). Suppose -46 - 10 = -z*v. Is v prime?
False
Let v(z) = z**3 - 5*z**2 - 2*z + 5. Let g = 23 + -15. Is v(g) composite?
False
Let j be (-4)/(-18) - (-117008)/(-36). Let f = 5412 + j. Let c = f - 1515. Is c composite?
False
Suppose 4*x = -y + 129455, x + 18521 = -3*y + 50893. Is x prime?
True
Suppose -33 = -2*h - 25. Is (-4)/6 - 1004/(-12)*h a composite number?
True
Is ((-495516)/(-52) - 2) + (-10)/65 composite?
True
Let c(d) = 43*d**3 - 5*d**2 - 2*d - 4. Let u(q) = -43*q**3 + 4*q**2 + 2*q + 4. Let k(g) = -4*c(g) - 5*u(g). Is k(3) prime?
True
Suppose 0 = -0*s - 6*s + 3972. Let c = s - -685. Is c a composite number?
True
Let d(s) = s**2 - s - 2. Let z be d(-2). Suppose -z*v + y + 270 = 0, -3*y = v - 0*y - 61. Is v composite?
False
Let g be 42/18 - (-1)/(-3). Suppose -4*h = -2*y - g + 10, 2*y - 3*h = 11. Is (-131)/(-2) + 15/y composite?
False
Suppose -i + 342 = -1237. Suppose -7*z + 15186 = -i. Is z a prime number?
False
Let b be (-2 + -25 - 0)/(-1). Suppose -m + 14 = -4*q, -2*q = 5*m - b - 43. Let k = m + -11. Is k a prime number?
True
Let m be (-6)/24 + 9/4. Suppose 0*w + 2*w + 1305 = y, -2620 = -m*y + 2*w. Is y prime?
False
Let b = -74 + 68. Is (-1)/(-6) - (b - (-9005)/(-6)) composite?
True
Suppose 5*x - 4*l = 71955, 4*x - l - 56973 - 580 = 0. Is x prime?
True
Let s(j) = j**2 - 3 - 7 + 104*j - 100*j. Let p(y) = y**3 + y + 13. Let w be p(0). Is s(w) a prime number?
True
Suppose 6696 = -15*h + 315591. Is h composite?
False
Let h be 5*((-22)/10 + -2). Let k be 25/(h/(-6) + -3). Suppose 888 = 2*a + k. Is a a composite number?
False
Suppose 2*l - 5 = -1. Suppose -1 = -l*z + 1. Suppose -4*w + z = -11. Is w composite?
False
Suppose 4*z + 460 = 2*j, 3*j - 740 = -0*j - 4*z. Let g = 763 + j. Is g/3 - 1/3 prime?
False
Suppose 8655 = 3*c - 6234. Is c prime?
False
Let g(n) = -825*n**3 + 3*n**2 + 7*n + 11. Is g(-2) a prime number?
False
Suppose 5*u = d + 43, 0*u = u + 2*d - 13. Let p = 12 - u. Suppose -3*a = 0, 0 = p*k - a - a - 369. Is k a composite number?
True
Let j(y) = 3*y + 6465. Suppose 0 = t - 2*t. Let f be j(t). Suppose 25*b = 30*b - f. Is b composite?
True
Suppose 29*v = 9*v + 13980. Is v prime?
False
Let s(n) = 435*n**2 + n + 1. Let x be -3 + -3 + 6 + -1. Let w be s(x). Suppose -6*y + w = -y. Is y a prime number?
False
Is (730/4)/(35/28) composite?
True
Suppose 15516 = 6*k - 3462. Is k prime?
True
Suppose -4893 = -y + 4*r, y + r - 4736 = 177. Is y composite?
False
Suppose -o + 88 = -76. Let i = o + 349. Suppose -15 = 2*j + j, 0 = -2*z - 5*j + i. Is z prime?
True
Let c(i) = -i**2 - 12*i - 10. Let x be c(-10). Let j(n) = -n - 2*n - 14*n + x. Is j(-9) composite?
False
Suppose -5*n + 2148 = 2*s, 0 = -2*s - 2*s + n + 4318. Is s composite?
True
Let z(j) = -j**3 - 5*j**2 + j + 9. Let q be z(-5). Suppose 2*f - 6*f - q = 0. Let w(i) = 17*i**2 + 2*i. Is w(f) prime?
False
Suppose 6*s + 5*n - 14334 = 3*s, 0 = -5*s + 2*n + 23921. Is s a composite number?
False
Is ((-73940)/(-3))/(-5)*30/(-20) a composite number?
True
Let v(u) = -4*u**3 - 2*u**2 + 4*u + 3. Let h be v(-3). Let r = 269 + 21. Let a = r - h. Is a composite?
True
Is ((-504)/48)/((-1)/738) - -4 composite?
False
Suppose 0 = 3*y + 4*v + 3, 5*v = v. Is (7*(-82)/2)/y composite?
True
Suppose -3*n + 24 = 4*q - 5*q, -q = 3*n + 18. Is (-2379)/q + (-4)/14 composite?
False
Let i(s) = -172*s**3 + 4*s**2 + s + 31. Is i(-4) a composite number?
True
Suppose 5*q - 9 = 6. Suppose 0*u + 629 = 4*u - 3*h, 5*u = q*h + 790. Is